est common divisor of 64 and j.
16
Suppose 7*h - 4*h = 2*k - 50, 12 = -3*h. Let c = k - 13. Calculate the highest common factor of 9 and c.
3
Let z = -39 + 84. Let v(q) = 2*q**2 - 8*q + 6. Let k be v(6). Let l = -15 + k. Calculate the greatest common divisor of l and z.
15
Let c be 34 + -4*(-6)/(-24)*5. What is the greatest common divisor of 1247 and c?
29
Suppose k - 6*k - 2*x = -7, -k + 5*x - 4 = 0. Let z = 6 - k. Calculate the greatest common divisor of z and 1.
1
Let m be (-5)/(-3 + (-11)/(-4)). Suppose -4*l + m = -2*l. Let i(s) = -5*s - 28. Let h be i(-6). Calculate the greatest common divisor of h and l.
2
Let t be 58 + (-2)/(-3)*(-5 + 8). What is the highest common divisor of t and 320?
20
Let z = -13 + 3. Let d be (-202)/z - (-12)/15. Suppose 0 = 2*x - 59 + 17. What is the greatest common divisor of d and x?
21
Suppose 0 = -45*d + 3467 - 1082. Calculate the greatest common factor of d and 689.
53
Suppose -n + 5*n + q = 64, 5*q = -3*n + 65. Suppose 47 - n = f. What is the highest common factor of f and 32?
32
Let n(r) = 7*r. Let g be n(3). Let m = g + -17. Let a(d) = 10*d - 13. Let o be a(m). Calculate the greatest common factor of o and 18.
9
Let b(m) = 15*m**2 + 4*m - 1. Let p be b(1). Let d = 26 - p. Let l(r) = r**3 - 4*r**2 - 3*r - 6. Let c be l(5). Calculate the highest common divisor of c and d.
4
Suppose 3*t - 6*t + 311 = -2*y, 5*t - 5*y = 525. Suppose -d - 23 = -q - 0*q, 0 = 4*q - d - t. What is the greatest common factor of 78 and q?
26
Let y(h) = -h**2 + 2*h + 1. Let n be y(0). Suppose x - 2*b - 3 = n, -12 = -4*b. What is the highest common divisor of x and 10?
10
Let j be 1/(38/(-10) - -4). Suppose -p + a = -a - 42, a = -j*p + 221. Calculate the highest common divisor of p and 33.
11
Let y(j) = -17*j + 13*j**2 + j**3 - 3*j**2 - 13 + 4*j. Let u be y(-11). What is the highest common factor of 1 and u?
1
Let h = -34 + 13. Let l(o) = -2*o - 14. Let c be l(h). Calculate the highest common factor of c and 70.
14
Let a(t) = 4*t**3 + 4*t - 13. Let w be a(4). Calculate the highest common factor of 21 and w.
7
Let w be (120/(-70))/((-2)/21). Let u be 5 - 0 - (-1)/1. What is the highest common divisor of u and w?
6
Let p(g) = -g - 9. Let f be p(4). Let a(b) = -b**3 - 12*b**2 - b + 14. Let z be a(f). Calculate the greatest common factor of z and 28.
28
Let o be 0*1*4/16. Suppose o = -2*z - z + 45. Calculate the greatest common factor of z and 15.
15
Let q(m) = m**3 - 9*m**2 + 8*m - 16. Let v be q(8). Let a be (v/(-40))/((-4)/(-110)). Calculate the highest common divisor of a and 1.
1
Let z(u) = 132*u. Suppose -x + 12 = 5*x. Let r be z(x). What is the highest common factor of r and 24?
24
Suppose 2*q + 2*q = 20, -5*b = 3*q - 30. Suppose 4 + 13 = 2*t + b*y, 0 = -2*t - 5*y + 11. Suppose -t - 15 = -f. What is the highest common divisor of 7 and f?
7
Suppose 2*v = 1495 + 155. Calculate the greatest common divisor of 25 and v.
25
Let z be (-4564)/(-30) + (-4)/30. Suppose -i - 4*u + 184 = 3*i, 3*i - 4*u - z = 0. Calculate the highest common divisor of i and 6.
6
Suppose 0*l + l + 2*q = 13, 0 = -4*l + 4*q + 100. Let r(k) = -k + 14. Let t be r(0). Calculate the greatest common divisor of t and l.
7
Let u = 567 - 391. Calculate the highest common factor of 66 and u.
22
Let c(f) = -4*f**2 - 23*f - 5. Let q(r) = 17*r**2 + 91*r + 19. Let g(m) = 9*c(m) + 2*q(m). Let j be g(-11). Calculate the highest common factor of 26 and j.
26
Let q = 26 - 24. Suppose -q = -0*b - 2*b + 2*i, -5*b = -2*i - 20. Calculate the greatest common divisor of b and 3.
3
Let o = -2244 - -2280. Calculate the greatest common factor of o and 192.
12
Suppose -143*o - 3*f = -142*o - 107, 2*o - f - 235 = 0. Calculate the greatest common factor of o and 174.
58
Let v be 450 + (-9 - 0 - 1). What is the greatest common divisor of 160 and v?
40
Let k(f) = f**3 + 29*f**2 - 147*f - 23. Let r be k(-33). What is the greatest common factor of r and 354?
118
Suppose -2 = -4*j + 18. Suppose -2*c - 106 = -n, j*c - 58 = -n + 69. What is the greatest common factor of 14 and n?
14
Let m(f) = -f**3 - f + 72. Let y be m(0). Let j be 1798/10 + (-6)/(-30). Calculate the highest common factor of j and y.
36
Let w = 101 + -61. Let f = w - 21. What is the greatest common factor of 57 and f?
19
Suppose 5*s + 56 = 3*o, -73 = -4*o - 3*s + 8*s. Suppose 3192 = 24*v - o*v. Calculate the highest common divisor of v and 57.
57
Let t be ((-25)/(-10))/(-2 - (-10)/4). Suppose -t*b + 9*b = 44. What is the highest common factor of 33 and b?
11
Let i be (1 + 19)/4*36/15. What is the highest common divisor of i and 16?
4
Suppose 16 = 4*j + 8. What is the highest common divisor of 34 and j?
2
Suppose 35*c - 1732 = 788. What is the greatest common factor of 324 and c?
36
Let h = 36 - -134. Let n be (-1 - 0) + 2 + -5. Let m be 2*((-18)/(-4) - n). What is the greatest common factor of m and h?
17
Suppose -2 = 2*c - 8. Let i = -2 + c. Suppose 230 = 65*v - 225. Calculate the greatest common divisor of v and i.
1
Let m(i) = i**2 + i - 57. Let z(o) = -1. Let p(d) = m(d) + 3*z(d). Let g be p(0). Let f be ((-10)/6)/(5/g). What is the greatest common factor of f and 4?
4
Let n be 10 - (-10 - -11) - -110. Suppose 2*v = -v + 504. Let t be 2/10 - v/(-10). What is the highest common factor of n and t?
17
Suppose -4*a - 660 = -3*p, -2*a + 38 = -p + 256. Let o = 25 - -3. Calculate the greatest common factor of o and p.
28
Let d = 245 - 142. Let m = -71 + d. Calculate the greatest common factor of 8 and m.
8
Let q(i) = 3*i**2 + 5*i - 5. Let y be q(-3). Let x = y - -21. What is the greatest common factor of x and 70?
14
Suppose -u - 12 = -5*u. Suppose 0 = -b - u*b. Suppose b = s - 8 - 13. What is the highest common factor of 3 and s?
3
Suppose -2*n = x - 40, 22 = -x - 4*n + 56. Calculate the greatest common divisor of 874 and x.
46
Let q(d) = 2*d**2 - 9*d**3 - 8 - 3*d**2 + 9. Let m be q(-2). Suppose -31 = -5*l + m. Calculate the highest common factor of l and 5.
5
Let n(g) = -3*g**2 - 3*g + 9. Let v be n(-5). Let t be (-6)/12*6*v. Let r be 138/8 - (-1)/(-4). Calculate the highest common factor of t and r.
17
Suppose 2*a = -q + 40, 2*a - 5 = q - 25. Suppose -86 = -4*s - q. Let t be (-21)/4*1020/(-153). What is the greatest common factor of t and s?
7
Let j(f) = -12*f - 14. Let w be j(-6). Suppose 5*d = 42 + w. What is the greatest common divisor of 50 and d?
10
Let h(p) = p + 13. Let g be h(4). Suppose 552 = 4*t - 876. Suppose 0 = -3*j - 0*j + t. Calculate the greatest common factor of j and g.
17
Let v(p) = 2*p**3 - p**2 - 3*p - 3. Let w(c) = -c**3 + c**2 + c. Let a(k) = v(k) + w(k). Let h be a(3). Calculate the highest common divisor of 12 and h.
6
Let w = 548 - 535. What is the greatest common factor of 403 and w?
13
Let u = 872 + -488. What is the highest common divisor of 24 and u?
24
Let d(c) = -c**2 + 21*c - 66. Let r be d(14). What is the highest common divisor of 32 and r?
32
Suppose -39 = -3*h - 18. Let j = h + 119. Calculate the highest common factor of j and 14.
14
Suppose 4*p + 3*f - 721 + 288 = 0, 0 = -4*p - 2*f + 438. What is the highest common divisor of 8 and p?
8
Let f(x) = 33*x - 2. Let d be f(4). Let p = -7891 + 7956. What is the highest common divisor of d and p?
65
Suppose -875 = 93*x - 98*x. What is the greatest common divisor of x and 125?
25
Let a(i) = 6*i**2 - 17*i - 8. Let s be a(-8). What is the greatest common factor of s and 64?
64
Let p(w) = -160*w**3 - w**2 + 1. Let a be p(-1). Let q = -7 + 17. What is the highest common factor of a and q?
10
Suppose 5*c - 103 = -l, c - l - 25 = -8. What is the highest common divisor of c and 8?
4
Suppose -9 = -39*r + 36*r + 3*a, 0 = 2*a - 4. Suppose 4*z - 35 = -u, -2*u - 3*z - z + 90 = 0. What is the highest common factor of r and u?
5
Let x be 14/4 + 1 + (-6)/12. Calculate the highest common divisor of x and 128.
4
Let l be (-1 + -4)/((-85)/289). Let r be 2 - 4 - -256 - 2. Let o = 439 - r. Calculate the greatest common factor of o and l.
17
Let x(u) = -u**2 + 47*u - 528. Let n be x(20). Let d = 69 - 17. Let w = -16 + d. Calculate the highest common factor of w and n.
12
Suppose -2*j + 92 = -5*l, 3*j + 6 = -5*l + 94. What is the greatest common factor of 8 and j?
4
Let p(y) be the second derivative of y**4/12 - 4*y**3/3 + y**2/2 - 2*y. Let u be p(6). Let x = u + 25. C